{"id":1115,"date":"2015-04-23T23:33:55","date_gmt":"2015-04-23T23:33:55","guid":{"rendered":"http:\/\/grupoamano.com.ar\/?page_id=1115"},"modified":"2016-03-09T11:00:28","modified_gmt":"2016-03-09T14:00:28","slug":"emergencias-medicas-2","status":"publish","type":"page","link":"https:\/\/www.grupoamano.com.ar\/?page_id=1115","title":{"rendered":"Emergencias"},"content":{"rendered":"<div  class='column dt-sc-full-width   first' ><p><img loading=\"lazy\" decoding=\"async\" class=\"alignleft size-full wp-image-1704\" src=\"https:\/\/grupoamano.com.ar\/wp-content\/uploads\/2015\/04\/logo_amano_emergencias.jpg\" alt=\"logo_amano_emergencias\" height=\"90\" width=\"279\"><\/p>\n<p><img loading=\"lazy\" decoding=\"async\" class=\"aligncenter size-full wp-image-1695\" src=\"https:\/\/grupoamano.com.ar\/wp-content\/uploads\/2015\/04\/autodromo_baja.jpg\" alt=\"autodromo_baja\" height=\"573\" width=\"1200\" srcset=\"https:\/\/www.grupoamano.com.ar\/wp-content\/uploads\/2015\/04\/autodromo_baja.jpg 1200w, https:\/\/www.grupoamano.com.ar\/wp-content\/uploads\/2015\/04\/autodromo_baja-300x143.jpg 300w, https:\/\/www.grupoamano.com.ar\/wp-content\/uploads\/2015\/04\/autodromo_baja-1024x489.jpg 1024w, https:\/\/www.grupoamano.com.ar\/wp-content\/uploads\/2015\/04\/autodromo_baja-439x209.jpg 439w\" sizes=\"auto, (max-width: 1200px) 100vw, 1200px\" \/><\/p>\n<div class='dt-sc-hr-invisible-small  '><\/div><\/div><div  class='column dt-sc-full-width   first' ><div class='dt-sc-titled-box  orange'><h6 class='dt-sc-titled-box-title' > <span class='fa ambulance '><\/span> ESTIMADOS SOCIOS<\/h6><div class='dt-sc-titled-box-content'><p align=\"JUSTIFY\"><strong>\u00a1Tenemos grandes noticias para todos!<\/strong><\/p>\n<p align=\"JUSTIFY\">Desde el 1 de marzo, <b>Emergencias <\/b>\u2013 la empresa l\u00edder de servicios extra-hospitalarios de Argentina &#8211; <b>y Amano emergencias <\/b>\u2013 una empresa con amplia trayectoria en Mendoza &#8211;<b> <\/b>realizaron una alianza para ofrecer la mejor atenci\u00f3n a sus socios de Mendoza. <b>En breve recibir\u00e1 sus nuevas credenciales de Emergencias.<\/b><\/p>\n<p align=\"JUSTIFY\"><span style=\"font-size: small;\">Emergencias posee m\u00e1s de 500 m\u00f3viles y 32 bases operativas. <\/span>Con presencia en Buenos Aires, C\u00f3rdoba, Mendoza y Neuqu\u00e9n, Emergencias emplea hoy en forma directa e indirecta a m\u00e1s de 2500 personas.<\/p>\n<p align=\"JUSTIFY\"><b>Desde ya, los servicios que hoy tiene contratados con Amano emergencias no var\u00edan, y puede seguir operando con la compa\u00f1\u00eda como lo viene haciendo habitualmente. <\/b><\/p>\n<p align=\"JUSTIFY\">Emergencias se encuentra realizando nuevas inversiones con el objeto de mejorar la calidad de servicio \u2013 nuevas ambulancias de \u00faltima generaci\u00f3n, equipamiento m\u00e9dico y m\u00e1s. Pr\u00f3ximamente tambi\u00e9n contar\u00e1 con nuevos productos como ser Nuevo servicios a domicilios, descuentos en farmacias, y Club Emergencias &#8211; que le ofrece importantes descuentos en sus compras y sorteos mensuales.<\/p>\n<p align=\"JUSTIFY\">Lo invitamos a visitar <a href=\"http:\/\/www.emergencias.com.ar\" target=\"_blank\">www.emergencias.com.ar<\/a> y <a href=\"http:\/\/www.clubemergencias.com.ar\" target=\"_blank\">www.clubemergencias.com.ar<\/a> para ver todo lo que Emergencias tiene para ofrecer a sus clientes.<\/p>\n<p align=\"JUSTIFY\">&nbsp;<\/p>\n<p align=\"JUSTIFY\"><strong>Saludos cordiales<\/strong><\/p><\/div><\/div><\/div><div  class='column dt-sc-one-half   first' ><\/div><div  class='column dt-sc-one-half   ' ><\/div><div class='dt-sc-hr-invisible-small  '><\/div><div class='dt-sc-hr-invisible-small  '><\/div><div  class='column dt-sc-one-third   first' ><\/div><div  class='column dt-sc-one-third   ' ><\/div><div  class='column dt-sc-one-third   ' ><\/div><div  class='column dt-sc-full-width   first' ><\/div><div  class='column dt-sc-one-third   first' ><\/div><div  class='column dt-sc-one-third   ' ><\/div><div  class='column dt-sc-one-third   ' ><\/div><div  class='column dt-sc-one-half   first' ><\/div><div  class='column dt-sc-one-half   ' ><\/div><div  class='column dt-sc-two-third   first' ><\/div><div  class='column dt-sc-one-third   ' ><\/div><div  class='column dt-sc-full-width   first' ><\/div><div  class='column dt-sc-full-width   first' ><\/div><div  class='column dt-sc-one-half   first' ><\/div><div  class='column dt-sc-one-half   ' ><\/div><div  class='column dt-sc-one-half   first' ><\/div><div  class='column dt-sc-one-half   ' ><\/div>\n","protected":false},"excerpt":{"rendered":"","protected":false},"author":1,"featured_media":0,"parent":0,"menu_order":0,"comment_status":"open","ping_status":"open","template":"","meta":{"footnotes":""},"class_list":["post-1115","page","type-page","status-publish","hentry"],"_links":{"self":[{"href":"https:\/\/www.grupoamano.com.ar\/index.php?rest_route=\/wp\/v2\/pages\/1115","targetHints":{"allow":["GET"]}}],"collection":[{"href":"https:\/\/www.grupoamano.com.ar\/index.php?rest_route=\/wp\/v2\/pages"}],"about":[{"href":"https:\/\/www.grupoamano.com.ar\/index.php?rest_route=\/wp\/v2\/types\/page"}],"author":[{"embeddable":true,"href":"https:\/\/www.grupoamano.com.ar\/index.php?rest_route=\/wp\/v2\/users\/1"}],"replies":[{"embeddable":true,"href":"https:\/\/www.grupoamano.com.ar\/index.php?rest_route=%2Fwp%2Fv2%2Fcomments&post=1115"}],"version-history":[{"count":188,"href":"https:\/\/www.grupoamano.com.ar\/index.php?rest_route=\/wp\/v2\/pages\/1115\/revisions"}],"predecessor-version":[{"id":2045,"href":"https:\/\/www.grupoamano.com.ar\/index.php?rest_route=\/wp\/v2\/pages\/1115\/revisions\/2045"}],"wp:attachment":[{"href":"https:\/\/www.grupoamano.com.ar\/index.php?rest_route=%2Fwp%2Fv2%2Fmedia&parent=1115"}],"curies":[{"name":"wp","href":"https:\/\/api.w.org\/{rel}","templated":true}]}}

<div  class='column dt-sc-full-width   first' ><p><img loading="lazy" decoding="async" class="alignleft size-full wp-image-1704" src="https://grupoamano.com.ar/wp-content/uploads/2015/04/logo_amano_emergencias.jpg" alt="logo_amano_emergencias" height="90" width="279"></p>
<p><img loading="lazy" decoding="async" class="aligncenter size-full wp-image-1695" src="https://grupoamano.com.ar/wp-content/uploads/2015/04/autodromo_baja.jpg" alt="autodromo_baja" height="573" width="1200" srcset="https://www.grupoamano.com.ar/wp-content/uploads/2015/04/autodromo_baja.jpg 1200w, https://www.grupoamano.com.ar/wp-content/uploads/2015/04/autodromo_baja-300x143.jpg 300w, https://www.grupoamano.com.ar/wp-content/uploads/2015/04/autodromo_baja-1024x489.jpg 1024w, https://www.grupoamano.com.ar/wp-content/uploads/2015/04/autodromo_baja-439x209.jpg 439w" sizes="auto, (max-width: 1200px) 100vw, 1200px" /></p>
<div class='dt-sc-hr-invisible-small  '></div></div><div  class='column dt-sc-full-width   first' ><div class='dt-sc-titled-box  orange'><h6 class='dt-sc-titled-box-title' > <span class='fa ambulance '></span> ESTIMADOS SOCIOS</h6><div class='dt-sc-titled-box-content'><p align="JUSTIFY"><strong>¡Tenemos grandes noticias para todos!</strong></p>
<p align="JUSTIFY">Desde el 1 de marzo, <b>Emergencias </b>– la empresa líder de servicios extra-hospitalarios de Argentina &#8211; <b>y Amano emergencias </b>– una empresa con amplia trayectoria en Mendoza &#8211;<b> </b>realizaron una alianza para ofrecer la mejor atención a sus socios de Mendoza. <b>En breve recibirá sus nuevas credenciales de Emergencias.</b></p>
<p align="JUSTIFY"><span style="font-size: small;">Emergencias posee más de 500 móviles y 32 bases operativas. </span>Con presencia en Buenos Aires, Córdoba, Mendoza y Neuquén, Emergencias emplea hoy en forma directa e indirecta a más de 2500 personas.</p>
<p align="JUSTIFY"><b>Desde ya, los servicios que hoy tiene contratados con Amano emergencias no varían, y puede seguir operando con la compañía como lo viene haciendo habitualmente. </b></p>
<p align="JUSTIFY">Emergencias se encuentra realizando nuevas inversiones con el objeto de mejorar la calidad de servicio – nuevas ambulancias de última generación, equipamiento médico y más. Próximamente también contará con nuevos productos como ser Nuevo servicios a domicilios, descuentos en farmacias, y Club Emergencias &#8211; que le ofrece importantes descuentos en sus compras y sorteos mensuales.</p>
<p align="JUSTIFY">Lo invitamos a visitar <a href="http://www.emergencias.com.ar" target="_blank">www.emergencias.com.ar</a> y <a href="http://www.clubemergencias.com.ar" target="_blank">www.clubemergencias.com.ar</a> para ver todo lo que Emergencias tiene para ofrecer a sus clientes.</p>
<p align="JUSTIFY">&nbsp;</p>
<p align="JUSTIFY"><strong>Saludos cordiales</strong></p></div></div></div><div  class='column dt-sc-one-half   first' ></div><div  class='column dt-sc-one-half   ' ></div><div class='dt-sc-hr-invisible-small  '></div><div class='dt-sc-hr-invisible-small  '></div><div  class='column dt-sc-one-third   first' ></div><div  class='column dt-sc-one-third   ' ></div><div  class='column dt-sc-one-third   ' ></div><div  class='column dt-sc-full-width   first' ></div><div  class='column dt-sc-one-third   first' ></div><div  class='column dt-sc-one-third   ' ></div><div  class='column dt-sc-one-third   ' ></div><div  class='column dt-sc-one-half   first' ></div><div  class='column dt-sc-one-half   ' ></div><div  class='column dt-sc-two-third   first' ></div><div  class='column dt-sc-one-third   ' ></div><div  class='column dt-sc-full-width   first' ></div><div  class='column dt-sc-full-width   first' ></div><div  class='column dt-sc-one-half   first' ></div><div  class='column dt-sc-one-half   ' ></div><div  class='column dt-sc-one-half   first' ></div><div  class='column dt-sc-one-half   ' ></div>
